36/4)). Suppose -657 + 183 = -3*w - m, -2*m + p = w. What is the hundreds digit of w?
1
Let d(f) = f**2 - 9*f + 67. What is the tens digit of d(-22)?
4
Suppose 2*v = 10, v - 3 = -3*d - 4. Let q = d + 110. What is the units digit of q?
8
Suppose -2*z + 2*t - 4*t = -982, -1939 = -4*z + t. Suppose -z - 174 = -4*q. What is the units digit of q?
5
Suppose -4*s + 2*c = -12904, 6*c - 9668 = -3*s + 10*c. What is the hundreds digit of s?
2
Let r = -7 + 9. Suppose 0 = -3*b - r*b + 235. What is the tens digit of b?
4
Suppose -3*b - 5*l + 1180 = -120, 2*b - 875 = -5*l. What is the hundreds digit of b?
4
Let g be 86/(-7) + 4/14. Suppose -148 = -12*s - 40. What is the tens digit of g/s*(-75)/2?
5
Let x = -20 - -23. What is the tens digit of (x/6)/((-4)/(-104))?
1
Let p(u) = u**3 + 3*u**2 - 3*u + 5. Let v be p(-4). Suppose -r = -v - 1. Suppose -r*m + 5*t + 30 = 6, -4*m - 4*t = 8. What is the units digit of m?
2
Suppose -3*d = 2*d - 25. Suppose -955 = -2*h - 3*h + d*a, 3*h + 3*a = 573. What is the tens digit of h?
9
Let k(y) = 6*y**2 - 3*y + 1. Let z be k(1). Suppose -2*d = -p + d + 96, z*d - 103 = -p. What is the units digit of p?
9
Let s be (-4 - 2)*(-4)/6. Suppose -3*x - 2*h = -545, s*h + 35 - 409 = -2*x. What is the units digit of x?
9
Suppose 5*o = 2*h - 55, 2*o = -3*o + 15. Suppose 0*z - 30 = -2*c + 4*z, 0 = 3*c - z - h. What is the tens digit of c?
1
What is the units digit of -172*78/(-14)*14/8?
7
Let h(a) = -3 - 7 + 25*a**2 - 23*a**2 - a. What is the units digit of h(5)?
5
Suppose 2*f - 830 = -2*d, 6*f + 3*d = 2*f + 1655. What is the tens digit of f?
1
What is the hundreds digit of 30368/24*(-9)/(-12)?
9
Let y = 203 + -85. Suppose -4*a - 14 + y = 0. What is the units digit of a?
6
Let y = 213 - -50. What is the units digit of y?
3
Suppose 6*a - 25*a + 32129 = 0. What is the tens digit of a?
9
Let q(z) = 586*z**2 - 35*z + 3. What is the tens digit of q(-2)?
1
Let q = -798 - -2985. What is the tens digit of q?
8
Suppose y = 5*b + 23, 3*y + 2 = 2*y. Let o = -41 - b. Let x = -10 - o. What is the tens digit of x?
2
Let g = 15 - 13. Suppose i - 216 = -g*i. What is the units digit of i?
2
Let y be 24/132 - (-20)/11. Suppose 146 = -0*x + y*x. What is the tens digit of x?
7
Let o(s) be the third derivative of -s**4 - 3*s**3/2 + 3*s**2. Let t be o(-9). Suppose 4*b + 11 = t. What is the tens digit of b?
4
Suppose 3*p - 2*a - 2*a + 13 = 0, -4*p - 12 = -4*a. Let n be (92/12)/(p/(-3)). Let c = n + 35. What is the tens digit of c?
1
Suppose 2*l + 0 - 2 = 0. What is the units digit of (39/(-26))/(l/(-26))?
9
Let p be (2 - 1)/(-8*5/(-40)). What is the tens digit of (p*222 + 2 + 4)*1?
2
Suppose 2*a = -3*a - 20, 5*u = -3*a - 12. What is the tens digit of (u + (-2 - -28))/2?
1
Let y = 2 - -2. Suppose t = 3*i - 14, y*i + t - 8 + 1 = 0. Suppose q + i*z = z + 15, 3*q - 61 = 2*z. What is the tens digit of q?
1
Suppose 5*j - 5 = 10. Let i(a) = 12*a**2 + 8 - 146*a**j + 145*a**3 - 1 - 11*a. What is the units digit of i(11)?
7
Let h = -8 - -47. Let d = h + 16. What is the units digit of d?
5
Let c(i) = 11*i**3 - 4*i**2 + 3*i - 6. Let y(r) = -10*r**3 + 4*r**2 - 4*r + 5. Let h(o) = -4*c(o) - 5*y(o). What is the hundreds digit of h(3)?
1
Let c = 186 - 172. Suppose 0 = 5*j, -3*p + 4*j = -0*p - 228. Suppose -2*u = c - p. What is the units digit of u?
1
Suppose -3*b + 95 = 2*i, 0 = 3*b + 2*b + 4*i - 159. Let j be (24/1 + 26/(-39))*3. Let x = j - b. What is the tens digit of x?
3
Let i be ((-14)/4 + 2)*-2. Suppose -i*p - a + 72 = 2*a, -2*p - 4*a + 54 = 0. Suppose -3*c + p + 30 = 0. What is the tens digit of c?
1
Let t = 25 + -18. Let k(q) = -12*q - q**2 - q + 0*q**2 - t + q. What is the units digit of k(-10)?
3
Suppose a + 4*o + 393 = 0, 11 - 413 = a - 5*o. Let w = -235 - a. Suppose -4*g - 168 = -7*z + 3*z, 0 = -4*z + g + w. What is the units digit of z?
0
Let g(w) = w**2 + w + 185. Let p be g(0). Let m be (2 - 15/6)*0. Suppose -q + 6*q - p = m. What is the tens digit of q?
3
Suppose -4*w - 8 + 4 = 0. Let c = 888 - 890. What is the units digit of w/(7/c + 3)?
2
Let r = -69 + 1079. What is the hundreds digit of r/8 + 24/32?
1
Suppose 2*f + l - 3 = 0, 11*f - 35 = 6*f + 3*l. What is the units digit of f?
4
What is the tens digit of (-13)/(-52) + (-5558)/(-8)?
9
Suppose -g + 0*g - k + 7 = 0, -2*g = k - 9. Let h be (-7)/21 - g/(-6). Suppose -3*x - 69 = -3*s, x - 103 = -5*s - h*x. What is the tens digit of s?
2
Let g = 2587 - 1431. What is the tens digit of g?
5
Let m(i) = -i**2 - i - 1. Let v(w) = w**2 + 7*w + 6. Let o(k) = -2*m(k) - v(k). Let r be o(7). What is the units digit of (112/r)/(2/5)?
8
Let c(n) = -n**3 - 7*n**2 + 12*n - 8. Suppose 4*i + 56 = j + 3*j, -32 = 3*i - j. What is the tens digit of c(i)?
4
Suppose 18 - 13 = 5*p. Let k be (3/(-5))/(p/(-345)). Suppose -4*g - 4*f + 194 = -g, -4*g + 5*f = -k. What is the tens digit of g?
5
Suppose 5*f - 1 = -3*c - 5, 0 = 2*f + 4. Let o(q) = 10*q + 7*q**2 - 5*q - q**3 - 12*q**c. What is the units digit of o(-6)?
6
Let b = 3866 + -1602. What is the units digit of b?
4
Let v = 10 + -5. Let r(g) = -25*g + 4. Let f be r(-5). Suppose v*u - 11 = f. What is the tens digit of u?
2
Let o(t) be the first derivative of t**5/60 + t**4/3 - 5*t**3/6 + t**2/2 - 15. Let c(q) be the second derivative of o(q). What is the units digit of c(5)?
0
Let v = -95 - -161. Suppose 0 = 5*p - 4*m - 194 - v, -3*p + 2*m + 154 = 0. What is the tens digit of p?
4
Suppose -3*y - 882 = 4*y. What is the tens digit of 20/(-6)*y/28?
1
Suppose 2*n - 2*t = -6*t - 46, 4*n - 5*t = -157. Let w = -18 - n. What is the tens digit of 6/9 - (-290)/w?
2
Let w = -16 - -22. Suppose -8*h - 20 = -3*h. What is the units digit of (-3 + w)*h/(-6)?
2
Let b(f) = -f. Let k(z) = -2*z - 2. Let l(a) = 15*b(a) - 5*k(a). What is the tens digit of l(-2)?
2
What is the hundreds digit of (-2 - -322) + (15 - 11)?
3
Let t = -586 + 141. What is the units digit of 3*(-1 - t/15)?
6
Let z(y) = 5*y**2 - 2*y - 29. What is the units digit of z(-6)?
3
Suppose -111*j = -103*j - 7872. What is the units digit of j?
4
Suppose 22*r + 38496 = 34*r. What is the tens digit of r?
0
Let b(j) = 2*j**2 + 1 - j**3 - 5*j**3 + 7*j**3. What is the units digit of b(2)?
7
Let r = 79 + -36. Suppose -f = -5*d - r, 3*d + 0*d = 2*f - 100. What is the units digit of f?
3
Suppose -4*f + 3104 = -2*o - 926, o + 5042 = 5*f. What is the hundreds digit of f?
0
Let z be 5*7/((-35)/(-54)). Suppose -2*t - 5*h + 0*h = -107, -t = 2*h - z. Let r = t - 31. What is the units digit of r?
5
Suppose 4*u - 1 = 7. Suppose q - 6 = -u*q. Suppose 3*d - g = 26, -3*d - q*g = -4 - 25. What is the units digit of d?
9
Let c(z) = z**3 + 15*z**2 - z + 27. Let t be c(-11). Suppose -5*a = -0*u - 3*u - 498, -t = -5*a - 3*u. What is the units digit of a?
2
Suppose 5*f + 24 = -2*r - 21, -4*f - r = 39. Let w be (-8)/(-44) - 449/f. Suppose -b - x - w = -3*b, -5*x = 5. What is the tens digit of b?
2
Suppose -3*t - 40 = 4*j - 440, -656 = -5*t + 4*j. Let l be (-6)/21 - t/(-21). Suppose 4*z + 149 = 3*u, -l*u + 154 = -3*u + z. What is the tens digit of u?
5
Suppose -54*v + 143113 + 168251 = 0. What is the thousands digit of v?
5
Let r be -12*-1*3/6. Suppose 758 - 260 = r*h. What is the units digit of h?
3
Suppose 0 = -3*a + 5*i + 1855, 4*i = -22*a + 17*a + 3030. What is the tens digit of a?
1
Let s(n) = -n**2 + 11*n - 10. Suppose 0 = -3*l + 7*l - 28. What is the tens digit of s(l)?
1
Let p = 2256 - 1351. Suppose -439 = -2*w + 3*g, -g + p = 4*w + 2*g. What is the units digit of w?
4
Let k(u) = -8*u**2. Let o be k(1). Let j(z) = -z**3 - 5*z**2 + 13*z - 7. What is the units digit of j(o)?
1
Suppose 6*o + 4 = 16. Suppose o*w + 3 - 2 = r, 3*r + 4*w + 17 = 0. What is the tens digit of 5/(-3)*r*6?
3
Suppose 0 = -8*o + 9*o - 24. Let i = -20 + o. What is the units digit of 114/i - (-1)/2?
9
Suppose 0 = -3*v - 3*n + 6, 0 = -4*v + 2*n + 14. Let d = v + -3. Suppose 2*q - 4*q + 92 = d. What is the tens digit of q?
4
Let k = -25 - -38. Suppose 0 = -4*h + 7*h - 429. What is the tens digit of h/6 + k/78?
2
Let c(g) = 3*g**2 + 6*g. Let u be 6*(-3)/42*-7. Suppose -x + 7 = y - u*y, 0 = 5*x + 5. What is the units digit of c(y)?
4
Suppose 4*d - 35 = s, -s - 3*s = -2*d. Suppose m - 2*a = d, -2*a - 3 = -7. Let v(r) = -r + 15. What is the units digit of v(m)?
1
Let s(x) = -4*x**3 - 3*x**2 + 4*x + 